{"id":1204,"date":"2021-12-25T01:41:34","date_gmt":"2021-12-25T01:41:34","guid":{"rendered":"http:\/\/folksweden.com\/?page_id=1204"},"modified":"2022-01-07T22:13:15","modified_gmt":"2022-01-07T22:13:15","slug":"vals-efter-gustaf-wallin","status":"publish","type":"page","link":"http:\/\/folksweden.com\/index.php\/vals-efter-gustaf-wallin\/","title":{"rendered":"Vals efter Gustaf Wallin"},"content":{"rendered":"\t\t<div data-elementor-type=\"wp-page\" data-elementor-id=\"1204\" class=\"elementor elementor-1204\">\n\t\t\t\t\t\t<section class=\"elementor-section elementor-top-section elementor-element elementor-element-cf08755 elementor-section-boxed elementor-section-height-default elementor-section-height-default\" data-id=\"cf08755\" data-element_type=\"section\" data-e-type=\"section\">\n\t\t\t\t\t\t<div class=\"elementor-container elementor-column-gap-default\">\n\t\t\t\t\t<div class=\"elementor-column elementor-col-33 elementor-top-column elementor-element elementor-element-4ddeb99\" data-id=\"4ddeb99\" data-element_type=\"column\" data-e-type=\"column\">\n\t\t\t<div class=\"elementor-widget-wrap elementor-element-populated\">\n\t\t\t\t\t\t<div class=\"elementor-element elementor-element-0c19235 elementor-widget elementor-widget-text-editor\" data-id=\"0c19235\" data-element_type=\"widget\" data-e-type=\"widget\" data-widget_type=\"text-editor.default\">\n\t\t\t\t<div class=\"elementor-widget-container\">\n\t\t\t\t\t\t\t\t\t<p>\u00a0 This\u00a0<strong>Vals efter Gustaf Wallin<\/strong> is from the little province of V\u00e4stmanland.\u00a0\u00a0<\/p><p>Gustaf Wallin was an outstanding fiddler from the village of Skrekarhyttan in the southernmost part of the province, near the borders of both V\u00e4rmland and N\u00e4rke.\u00a0 He was born in 1841, the son of a fiddler, and died in 1915.\u00a0 He was already playing at weddings at age 9, and music was the great love of his life.<\/p><p>In 1909 he entered a fiddle contest in V\u00e4stmanland, and won a prize for his playing, which was &#8220;noble, full of feeling, and with pretty good clarity, despite him being stone deaf.&#8221;<\/p>\t\t\t\t\t\t\t\t<\/div>\n\t\t\t\t<\/div>\n\t\t\t\t\t<\/div>\n\t\t<\/div>\n\t\t\t\t<div class=\"elementor-column elementor-col-33 elementor-top-column elementor-element elementor-element-5b9701b\" data-id=\"5b9701b\" data-element_type=\"column\" data-e-type=\"column\">\n\t\t\t<div class=\"elementor-widget-wrap\">\n\t\t\t\t\t\t\t<\/div>\n\t\t<\/div>\n\t\t\t\t<div class=\"elementor-column elementor-col-33 elementor-top-column elementor-element elementor-element-fd7025d\" data-id=\"fd7025d\" data-element_type=\"column\" data-e-type=\"column\">\n\t\t\t<div class=\"elementor-widget-wrap elementor-element-populated\">\n\t\t\t\t\t\t<div class=\"elementor-element elementor-element-21d89e0 elementor-widget elementor-widget-text-editor\" data-id=\"21d89e0\" data-element_type=\"widget\" data-e-type=\"widget\" data-widget_type=\"text-editor.default\">\n\t\t\t\t<div class=\"elementor-widget-container\">\n\t\t\t\t\t\t\t\t\t<p>Gustaf learned to play from his father, Jan Erik Wallin, who eventually emigrated with another son to America in 1880, where he died in the Dakotas.<\/p><p>V\u00e4stmanland is a smaller province, without the great reputation of huge and rich repertoire that is found in Dalarna, H\u00e4lsingland, V\u00e4rmland, Uppland, and others.\u00a0 \u00a0But this waltz I learned on my first trip to Sweden, as a tune played even outside of its area of origin.\u00a0 It is considered an &#8220;allspel&#8221; tune in V\u00e4stmanland &#8211;\u00a0 a tune most fiddlers know.<\/p>\t\t\t\t\t\t\t\t<\/div>\n\t\t\t\t<\/div>\n\t\t\t\t\t<\/div>\n\t\t<\/div>\n\t\t\t\t\t<\/div>\n\t\t<\/section>\n\t\t\t\t<section class=\"elementor-section elementor-top-section elementor-element elementor-element-8797cc2 elementor-section-boxed elementor-section-height-default elementor-section-height-default\" data-id=\"8797cc2\" data-element_type=\"section\" data-e-type=\"section\">\n\t\t\t\t\t\t<div class=\"elementor-container elementor-column-gap-default\">\n\t\t\t\t\t<div class=\"elementor-column elementor-col-66 elementor-top-column elementor-element elementor-element-558c75e\" data-id=\"558c75e\" data-element_type=\"column\" data-e-type=\"column\">\n\t\t\t<div class=\"elementor-widget-wrap elementor-element-populated\">\n\t\t\t\t\t\t<div class=\"elementor-element elementor-element-849e449 elementor-widget elementor-widget-video\" data-id=\"849e449\" data-element_type=\"widget\" data-e-type=\"widget\" data-settings=\"{&quot;youtube_url&quot;:&quot;https:\\\/\\\/www.youtube.com\\\/watch?v=LhlYrMFvJcw&quot;,&quot;video_type&quot;:&quot;youtube&quot;,&quot;controls&quot;:&quot;yes&quot;}\" data-widget_type=\"video.default\">\n\t\t\t\t<div class=\"elementor-widget-container\">\n\t\t\t\t\t\t\t<div class=\"elementor-wrapper elementor-open-inline\">\n\t\t\t<div class=\"elementor-video\"><\/div>\t\t<\/div>\n\t\t\t\t\t\t<\/div>\n\t\t\t\t<\/div>\n\t\t\t\t\t<\/div>\n\t\t<\/div>\n\t\t\t\t<div class=\"elementor-column elementor-col-33 elementor-top-column elementor-element elementor-element-9dca7e9\" data-id=\"9dca7e9\" data-element_type=\"column\" data-e-type=\"column\">\n\t\t\t<div class=\"elementor-widget-wrap elementor-element-populated\">\n\t\t\t\t\t\t<div class=\"elementor-element elementor-element-8765c64 elementor-widget elementor-widget-text-editor\" data-id=\"8765c64\" data-element_type=\"widget\" data-e-type=\"widget\" data-widget_type=\"text-editor.default\">\n\t\t\t\t<div class=\"elementor-widget-container\">\n\t\t\t\t\t\t\t\t\t<p>Here is a video of me playing this Vals efter Gustaf Wallin.<\/p>\t\t\t\t\t\t\t\t<\/div>\n\t\t\t\t<\/div>\n\t\t\t\t\t<\/div>\n\t\t<\/div>\n\t\t\t\t\t<\/div>\n\t\t<\/section>\n\t\t\t\t<\/div>\n\t\t","protected":false},"excerpt":{"rendered":"<p>\u00a0 This\u00a0Vals efter Gustaf Wallin is from the little province of V\u00e4stmanland.\u00a0\u00a0 Gustaf Wallin was an outstanding fiddler from the village of Skrekarhyttan in the southernmost part of the province, near the borders of both V\u00e4rmland and N\u00e4rke.\u00a0 He was born in 1841, the son of a fiddler, and died in 1915.\u00a0 He was already [&hellip;]<\/p>\n","protected":false},"author":1,"featured_media":0,"parent":0,"menu_order":0,"comment_status":"closed","ping_status":"closed","template":"","meta":{"footnotes":""},"class_list":["post-1204","page","type-page","status-publish","hentry","wpbf-post"],"_links":{"self":[{"href":"http:\/\/folksweden.com\/index.php\/wp-json\/wp\/v2\/pages\/1204","targetHints":{"allow":["GET"]}}],"collection":[{"href":"http:\/\/folksweden.com\/index.php\/wp-json\/wp\/v2\/pages"}],"about":[{"href":"http:\/\/folksweden.com\/index.php\/wp-json\/wp\/v2\/types\/page"}],"author":[{"embeddable":true,"href":"http:\/\/folksweden.com\/index.php\/wp-json\/wp\/v2\/users\/1"}],"replies":[{"embeddable":true,"href":"http:\/\/folksweden.com\/index.php\/wp-json\/wp\/v2\/comments?post=1204"}],"version-history":[{"count":0,"href":"http:\/\/folksweden.com\/index.php\/wp-json\/wp\/v2\/pages\/1204\/revisions"}],"wp:attachment":[{"href":"http:\/\/folksweden.com\/index.php\/wp-json\/wp\/v2\/media?parent=1204"}],"curies":[{"name":"wp","href":"https:\/\/api.w.org\/{rel}","templated":true}]}}