{"id":5296,"date":"2024-11-02T23:33:12","date_gmt":"2024-11-02T23:33:12","guid":{"rendered":"https:\/\/folksweden.com\/?page_id=5296"},"modified":"2024-11-12T23:13:33","modified_gmt":"2024-11-12T23:13:33","slug":"1975-sweden","status":"publish","type":"page","link":"https:\/\/folksweden.com\/index.php\/1975-sweden\/","title":{"rendered":"1975 Sweden"},"content":{"rendered":"\t\t<div data-elementor-type=\"wp-page\" data-elementor-id=\"5296\" class=\"elementor elementor-5296\">\n\t\t\t\t\t\t<section class=\"elementor-section elementor-top-section elementor-element elementor-element-7a220f6 elementor-section-boxed elementor-section-height-default elementor-section-height-default\" data-id=\"7a220f6\" data-element_type=\"section\" data-e-type=\"section\">\n\t\t\t\t\t\t<div class=\"elementor-container elementor-column-gap-default\">\n\t\t\t\t\t<div class=\"elementor-column elementor-col-100 elementor-top-column elementor-element elementor-element-45ba8d4\" data-id=\"45ba8d4\" data-element_type=\"column\" data-e-type=\"column\">\n\t\t\t<div class=\"elementor-widget-wrap elementor-element-populated\">\n\t\t\t\t\t\t<div class=\"elementor-element elementor-element-2a4ebc2 elementor-widget elementor-widget-text-editor\" data-id=\"2a4ebc2\" data-element_type=\"widget\" data-e-type=\"widget\" data-widget_type=\"text-editor.default\">\n\t\t\t\t<div class=\"elementor-widget-container\">\n\t\t\t\t\t\t\t\t\t<p>These are copies of cassette tapes that I recorded on a small recorder\/player.\u00a0 \u00a0 Some of the tapes have deteriorated, some are not played back at the proper speed.\u00a0 \u00a0I am using my website to preserve the tapes as I have them now.\u00a0 In time, I will do some editing to improve the sound on selected tunes.\u00a0 Anyone wishing to hear a &#8220;cleaned up&#8221; version of a particular tune is welcome to contact me and I will get to it.<\/p>\t\t\t\t\t\t\t\t<\/div>\n\t\t\t\t<\/div>\n\t\t\t\t\t<\/div>\n\t\t<\/div>\n\t\t\t\t\t<\/div>\n\t\t<\/section>\n\t\t\t\t<section class=\"elementor-section elementor-top-section elementor-element elementor-element-d495849 elementor-section-boxed elementor-section-height-default elementor-section-height-default\" data-id=\"d495849\" data-element_type=\"section\" data-e-type=\"section\">\n\t\t\t\t\t\t<div class=\"elementor-container elementor-column-gap-default\">\n\t\t\t\t\t<div class=\"elementor-column elementor-col-50 elementor-top-column elementor-element elementor-element-50d2323\" data-id=\"50d2323\" data-element_type=\"column\" data-e-type=\"column\">\n\t\t\t<div class=\"elementor-widget-wrap elementor-element-populated\">\n\t\t\t\t\t\t<div class=\"elementor-element elementor-element-0400e31 elementor-widget elementor-widget-text-editor\" data-id=\"0400e31\" data-element_type=\"widget\" data-e-type=\"widget\" data-widget_type=\"text-editor.default\">\n\t\t\t\t<div class=\"elementor-widget-container\">\n\t\t\t\t\t\t\t\t\t<h3><span style=\"text-decoration: underline;\"><a href=\"http:\/\/www.folksweden.com\/Sweden_recordings\/19751A.mp3\" target=\"_blank\" rel=\"noopener\">Rans\u00e4ter, V\u00e4rmland, 7 June 1975<\/a><\/span><\/h3><p>Jam session around a campfire at the Rans\u00e4ter Spelmansst\u00e4mma.\u00a0 Fiddlers mostly from V\u00e4rmland, Uppland, and J\u00e4mtland.\u00a0 \u00a0Also Tim Rued and Carolyn Alverson (Thornton).<\/p>\t\t\t\t\t\t\t\t<\/div>\n\t\t\t\t<\/div>\n\t\t\t\t\t<\/div>\n\t\t<\/div>\n\t\t\t\t<div class=\"elementor-column elementor-col-50 elementor-top-column elementor-element elementor-element-ddd556b\" data-id=\"ddd556b\" data-element_type=\"column\" data-e-type=\"column\">\n\t\t\t<div class=\"elementor-widget-wrap elementor-element-populated\">\n\t\t\t\t\t\t<div class=\"elementor-element elementor-element-7975e7d elementor-widget elementor-widget-text-editor\" data-id=\"7975e7d\" data-element_type=\"widget\" data-e-type=\"widget\" data-widget_type=\"text-editor.default\">\n\t\t\t\t<div class=\"elementor-widget-container\">\n\t\t\t\t\t\t\t\t\t<h3><span style=\"text-decoration: underline;\"><a href=\"http:\/\/www.folksweden.com\/Sweden_recordings\/19751B.mp3\" target=\"_blank\" rel=\"noopener\">Rans\u00e4ter, V\u00e4rmland, 7 June 1975<\/a><\/span><\/h3><p>Jam session around a campfire at the Rans\u00e4ter Spelmansst\u00e4mma.\u00a0 Fiddlers mostly from V\u00e4rmland, Uppland, and J\u00e4mtland.\u00a0 \u00a0Also Tim Rued and Carolyn Alverson (Thornton).<\/p>\t\t\t\t\t\t\t\t<\/div>\n\t\t\t\t<\/div>\n\t\t\t\t\t<\/div>\n\t\t<\/div>\n\t\t\t\t\t<\/div>\n\t\t<\/section>\n\t\t\t\t<section class=\"elementor-section elementor-top-section elementor-element elementor-element-f850e68 elementor-section-boxed elementor-section-height-default elementor-section-height-default\" data-id=\"f850e68\" data-element_type=\"section\" data-e-type=\"section\">\n\t\t\t\t\t\t<div class=\"elementor-container elementor-column-gap-default\">\n\t\t\t\t\t<div class=\"elementor-column elementor-col-50 elementor-top-column elementor-element elementor-element-fcce7c7\" data-id=\"fcce7c7\" data-element_type=\"column\" data-e-type=\"column\">\n\t\t\t<div class=\"elementor-widget-wrap elementor-element-populated\">\n\t\t\t\t\t\t<div class=\"elementor-element elementor-element-3c378ef elementor-widget elementor-widget-text-editor\" data-id=\"3c378ef\" data-element_type=\"widget\" data-e-type=\"widget\" data-widget_type=\"text-editor.default\">\n\t\t\t\t<div class=\"elementor-widget-container\">\n\t\t\t\t\t\t\t\t\t<h3><span style=\"text-decoration: underline;\"><a href=\"http:\/\/www.folksweden.com\/Sweden_recordings\/19759A.mp3\" target=\"_blank\" rel=\"noopener\">Gl\u00f6sa, J\u00e4mtland, July 1975<\/a><\/span><\/h3><p>Jan Runsten, Tim Rued, Holger Runsten (?), Inger Runsten (?), Carolyn Alverson (?), playing from a collection of music.<\/p>\t\t\t\t\t\t\t\t<\/div>\n\t\t\t\t<\/div>\n\t\t\t\t\t<\/div>\n\t\t<\/div>\n\t\t\t\t<div class=\"elementor-column elementor-col-50 elementor-top-column elementor-element elementor-element-bb054d7\" data-id=\"bb054d7\" data-element_type=\"column\" data-e-type=\"column\">\n\t\t\t<div class=\"elementor-widget-wrap elementor-element-populated\">\n\t\t\t\t\t\t<div class=\"elementor-element elementor-element-e21cf17 elementor-widget elementor-widget-text-editor\" data-id=\"e21cf17\" data-element_type=\"widget\" data-e-type=\"widget\" data-widget_type=\"text-editor.default\">\n\t\t\t\t<div class=\"elementor-widget-container\">\n\t\t\t\t\t\t\t\t\t<h3><span style=\"text-decoration: underline;\"><a href=\"http:\/\/www.folksweden.com\/Sweden_recordings\/19759B.mp3\" target=\"_blank\" rel=\"noopener\">Gl\u00f6sa, J\u00e4mtland,\u00a0 and Garmo, Gudbrandsdalen, Norway, July 1975<\/a><\/span><\/h3><p>Jan Runsten, Tim Rued, Holger Runsten (?), Inger Runsten (?), Carolyn Alverson (?), playing from a collection of music in Gl\u00f6sa.\u00a0 Hans Brimi (fiddle) and his son (Hardanger fiddle) in Garmo.<\/p>\t\t\t\t\t\t\t\t<\/div>\n\t\t\t\t<\/div>\n\t\t\t\t\t<\/div>\n\t\t<\/div>\n\t\t\t\t\t<\/div>\n\t\t<\/section>\n\t\t\t\t<section class=\"elementor-section elementor-top-section elementor-element elementor-element-8cb59dc elementor-section-boxed elementor-section-height-default elementor-section-height-default\" data-id=\"8cb59dc\" data-element_type=\"section\" data-e-type=\"section\">\n\t\t\t\t\t\t<div class=\"elementor-container elementor-column-gap-default\">\n\t\t\t\t\t<div class=\"elementor-column elementor-col-50 elementor-top-column elementor-element elementor-element-10bf176\" data-id=\"10bf176\" data-element_type=\"column\" data-e-type=\"column\">\n\t\t\t<div class=\"elementor-widget-wrap elementor-element-populated\">\n\t\t\t\t\t\t<div class=\"elementor-element elementor-element-c4d949f elementor-widget elementor-widget-text-editor\" data-id=\"c4d949f\" data-element_type=\"widget\" data-e-type=\"widget\" data-widget_type=\"text-editor.default\">\n\t\t\t\t<div class=\"elementor-widget-container\">\n\t\t\t\t\t\t\t\t\t<h3><span style=\"text-decoration: underline;\"><a href=\"http:\/\/www.folksweden.com\/Sweden_recordings\/197519A.mp3\" target=\"_blank\" rel=\"noopener\">J\u00f6nk\u00f6ping, Karlskoga, Storvik, \u00d6sterbybruk, September 1975<\/a><\/span><\/h3><p>Tage Johansson with Sm\u00e5land music, Pelle Persson &amp; Anne-Marie with J\u00e4mtland tunes, Stig Sj\u00f6din and Barbro Pettersson with G\u00e4strikland, and Nyckelharpa players in Uppland.<\/p>\t\t\t\t\t\t\t\t<\/div>\n\t\t\t\t<\/div>\n\t\t\t\t\t<\/div>\n\t\t<\/div>\n\t\t\t\t<div class=\"elementor-column elementor-col-50 elementor-top-column elementor-element elementor-element-93ac321\" data-id=\"93ac321\" data-element_type=\"column\" data-e-type=\"column\">\n\t\t\t<div class=\"elementor-widget-wrap elementor-element-populated\">\n\t\t\t\t\t\t<div class=\"elementor-element elementor-element-abbd065 elementor-widget elementor-widget-text-editor\" data-id=\"abbd065\" data-element_type=\"widget\" data-e-type=\"widget\" data-widget_type=\"text-editor.default\">\n\t\t\t\t<div class=\"elementor-widget-container\">\n\t\t\t\t\t\t\t\t\t<h3><span style=\"text-decoration: underline;\"><a href=\"http:\/\/www.folksweden.com\/Sweden_recordings\/197519B.mp3\" target=\"_blank\" rel=\"noopener\">\u00d6sterbybruk, Uppland, September 1975<\/a><\/span><\/h3><p>Nyckelharpa practice session with about 20 players from the area, led by Eric Sahlstr\u00f6m.<\/p>\t\t\t\t\t\t\t\t<\/div>\n\t\t\t\t<\/div>\n\t\t\t\t\t<\/div>\n\t\t<\/div>\n\t\t\t\t\t<\/div>\n\t\t<\/section>\n\t\t\t\t<\/div>\n\t\t","protected":false},"excerpt":{"rendered":"<p>These are copies of cassette tapes that I recorded on a small recorder\/player.\u00a0 \u00a0 Some of the tapes have deteriorated, some are not played back at the proper speed.\u00a0 \u00a0I am using my website to preserve the tapes as I have them now.\u00a0 In time, I will do some editing to improve the sound on [&hellip;]<\/p>\n","protected":false},"author":1,"featured_media":0,"parent":0,"menu_order":0,"comment_status":"closed","ping_status":"closed","template":"","meta":{"footnotes":""},"class_list":["post-5296","page","type-page","status-publish","hentry","wpbf-post"],"_links":{"self":[{"href":"https:\/\/folksweden.com\/index.php\/wp-json\/wp\/v2\/pages\/5296","targetHints":{"allow":["GET"]}}],"collection":[{"href":"https:\/\/folksweden.com\/index.php\/wp-json\/wp\/v2\/pages"}],"about":[{"href":"https:\/\/folksweden.com\/index.php\/wp-json\/wp\/v2\/types\/page"}],"author":[{"embeddable":true,"href":"https:\/\/folksweden.com\/index.php\/wp-json\/wp\/v2\/users\/1"}],"replies":[{"embeddable":true,"href":"https:\/\/folksweden.com\/index.php\/wp-json\/wp\/v2\/comments?post=5296"}],"version-history":[{"count":0,"href":"https:\/\/folksweden.com\/index.php\/wp-json\/wp\/v2\/pages\/5296\/revisions"}],"wp:attachment":[{"href":"https:\/\/folksweden.com\/index.php\/wp-json\/wp\/v2\/media?parent=5296"}],"curies":[{"name":"wp","href":"https:\/\/api.w.org\/{rel}","templated":true}]}}