{"id":5908,"date":"2025-07-04T14:43:58","date_gmt":"2025-07-04T14:43:58","guid":{"rendered":"https:\/\/folksweden.com\/?page_id=5908"},"modified":"2025-07-04T14:51:49","modified_gmt":"2025-07-04T14:51:49","slug":"tang-annas-ganglat","status":"publish","type":"page","link":"https:\/\/folksweden.com\/index.php\/tang-annas-ganglat\/","title":{"rendered":"T\u00e5ng-Annas G\u00e5ngl\u00e5t"},"content":{"rendered":"\t\t<div data-elementor-type=\"wp-page\" data-elementor-id=\"5908\" class=\"elementor elementor-5908\">\n\t\t\t\t\t\t<section class=\"elementor-section elementor-top-section elementor-element elementor-element-ff9acf9 elementor-section-boxed elementor-section-height-default elementor-section-height-default\" data-id=\"ff9acf9\" data-element_type=\"section\" data-e-type=\"section\">\n\t\t\t\t\t\t<div class=\"elementor-container elementor-column-gap-default\">\n\t\t\t\t\t<div class=\"elementor-column elementor-col-33 elementor-top-column elementor-element elementor-element-9542169\" data-id=\"9542169\" data-element_type=\"column\" data-e-type=\"column\">\n\t\t\t<div class=\"elementor-widget-wrap elementor-element-populated\">\n\t\t\t\t\t\t<div class=\"elementor-element elementor-element-88540ec elementor-widget elementor-widget-text-editor\" data-id=\"88540ec\" data-element_type=\"widget\" data-e-type=\"widget\" data-widget_type=\"text-editor.default\">\n\t\t\t\t<div class=\"elementor-widget-container\">\n\t\t\t\t\t\t\t\t\t<p>\u00a0 A woman being a notable fiddler in mid-19th-century Sweden, was very unusual.\u00a0 Anna was niece to Hammarbergs-Hans, a great fiddler of that area.<\/p><p>\u00a0Rather than rewrite everything about her, <a href=\"https:\/\/www.nordicnewcomers.com\/taringng-anna-nelson.html\" target=\"_blank\" rel=\"noopener\"><span style=\"text-decoration: underline;\"><strong>here<\/strong><\/span><\/a> is a link to her story, including a picture.<\/p>\t\t\t\t\t\t\t\t<\/div>\n\t\t\t\t<\/div>\n\t\t\t\t\t<\/div>\n\t\t<\/div>\n\t\t\t\t<div class=\"elementor-column elementor-col-33 elementor-top-column elementor-element elementor-element-5631cc7\" data-id=\"5631cc7\" data-element_type=\"column\" data-e-type=\"column\">\n\t\t\t<div class=\"elementor-widget-wrap\">\n\t\t\t\t\t\t\t<\/div>\n\t\t<\/div>\n\t\t\t\t<div class=\"elementor-column elementor-col-33 elementor-top-column elementor-element elementor-element-b8bcb8f\" data-id=\"b8bcb8f\" data-element_type=\"column\" data-e-type=\"column\">\n\t\t\t<div class=\"elementor-widget-wrap elementor-element-populated\">\n\t\t\t\t\t\t<div class=\"elementor-element elementor-element-2989ba3 elementor-widget elementor-widget-text-editor\" data-id=\"2989ba3\" data-element_type=\"widget\" data-e-type=\"widget\" data-widget_type=\"text-editor.default\">\n\t\t\t\t<div class=\"elementor-widget-container\">\n\t\t\t\t\t\t\t\t\t<p><a href=\"https:\/\/www.youtube.com\/watch?v=ox-Z1kjoiwE\" target=\"_blank\" rel=\"noopener\"><span style=\"text-decoration: underline;\"><strong>Here<\/strong><\/span><\/a> is a YouTube video of 3 G\u00e4strikland fiddlers playing T\u00e5ng-Annas G\u00e5ngl\u00e5t.<\/p>\t\t\t\t\t\t\t\t<\/div>\n\t\t\t\t<\/div>\n\t\t\t\t\t<\/div>\n\t\t<\/div>\n\t\t\t\t\t<\/div>\n\t\t<\/section>\n\t\t\t\t<\/div>\n\t\t","protected":false},"excerpt":{"rendered":"<p>\u00a0 A woman being a notable fiddler in mid-19th-century Sweden, was very unusual.\u00a0 Anna was niece to Hammarbergs-Hans, a great fiddler of that area. \u00a0Rather than rewrite everything about her, here is a link to her story, including a picture. Here is a YouTube video of 3 G\u00e4strikland fiddlers playing T\u00e5ng-Annas G\u00e5ngl\u00e5t.<\/p>\n","protected":false},"author":1,"featured_media":0,"parent":0,"menu_order":0,"comment_status":"closed","ping_status":"closed","template":"","meta":{"footnotes":""},"class_list":["post-5908","page","type-page","status-publish","hentry","wpbf-post"],"_links":{"self":[{"href":"https:\/\/folksweden.com\/index.php\/wp-json\/wp\/v2\/pages\/5908","targetHints":{"allow":["GET"]}}],"collection":[{"href":"https:\/\/folksweden.com\/index.php\/wp-json\/wp\/v2\/pages"}],"about":[{"href":"https:\/\/folksweden.com\/index.php\/wp-json\/wp\/v2\/types\/page"}],"author":[{"embeddable":true,"href":"https:\/\/folksweden.com\/index.php\/wp-json\/wp\/v2\/users\/1"}],"replies":[{"embeddable":true,"href":"https:\/\/folksweden.com\/index.php\/wp-json\/wp\/v2\/comments?post=5908"}],"version-history":[{"count":0,"href":"https:\/\/folksweden.com\/index.php\/wp-json\/wp\/v2\/pages\/5908\/revisions"}],"wp:attachment":[{"href":"https:\/\/folksweden.com\/index.php\/wp-json\/wp\/v2\/media?parent=5908"}],"curies":[{"name":"wp","href":"https:\/\/api.w.org\/{rel}","templated":true}]}}